*2/2 - 51*i. Is p(-3) prime?
False
Suppose -100 = 4*z + 2*r, -2*r + 0*r + 4 = 0. Let v(b) = -33*b + 7. Is v(z) composite?
True
Let o(p) = -2*p**3 + 96*p**2 + p - 11. Is o(36) a prime number?
False
Is ((-15)/(-6) + (30/5 - 9))*-3622 composite?
False
Let f = -375 - -61. Is (-4)/(-7) - (f/(-14))/(-1) a composite number?
False
Let s = 12 + -7. Suppose 0 = 4*o - s*m - 931, m - 278 - 205 = -2*o. Suppose o = 3*u - 778. Is u composite?
True
Suppose 0 = 52*f - 91*f + 1814283 + 1816500. Is f a composite number?
False
Suppose 0 = -10*r + 80575 + 233815. Is r a composite number?
True
Let h(q) = -q**2 + 49*q - 71. Let k be h(46). Suppose -69*j + 17862 = -k*j - u, -2*u = 8. Is j composite?
False
Suppose 2*b + 17*z = 16*z + 10, -2*b = -4*z - 10. Is 889/35*175/b composite?
True
Let b be (2/8 - ((-390)/40 + 10)) + -5. Let s(l) = -55*l**2 + 4*l - 26. Let y(k) = -11*k**2 + k - 5. Let a(o) = 2*s(o) - 11*y(o). Is a(b) a prime number?
True
Let r = -87494 + 123945. Is r a composite number?
False
Let y(t) = -501*t**3 - 7*t**2 - 4*t + 1. Suppose 5*a = -2*i - 1 - 1, 5*a - 7 = -3*i. Suppose 2 + 16 = -i*d. Is y(d) prime?
True
Let k(p) be the third derivative of 23*p**6/60 + p**5/30 + p**4/12 - p**3/6 + 8*p**2. Suppose 2 = 2*a - 2. Is k(a) a composite number?
False
Let i be (0/4 - -4) + 30/(-6). Let m(g) be the third derivative of -161*g**4/24 + g**3/3 + g**2. Is m(i) a composite number?
False
Let l(o) = 27662*o**3 - 5*o**2 - 7*o + 7. Is l(2) a prime number?
False
Let o(x) = 12*x**2 + 4*x - 8. Let k be o(2). Suppose 3*p - 4*l - 90 - 56 = 0, -p + 2*l = -k. Suppose -11535 - p = -7*b. Is b prime?
False
Let u = 689 - 468. Suppose -p = 4*p - 3*q - u, 3*q = -5*p + 239. Is p composite?
True
Suppose 9*h = 82541 + 63572 - 19132. Is h composite?
True
Suppose 0 = 6*m - 1949 + 6713. Suppose 0 = -4*z - 2*l + 7*l - 2130, -5*l = 10. Let h = z - m. Is h a composite number?
True
Suppose 37*c = 8870 + 195888. Suppose c = 6*o - 12436. Is o prime?
False
Is (-87)/(-2)*((-55160)/(-21) - 34) prime?
False
Let j = -287 - -313. Suppose 0 = j*d + 2*d - 4984. Is d a prime number?
False
Suppose -1861 + 306 = -d - 5*h, -3089 = -2*d - 3*h. Let s = d + -1053. Is s a composite number?
False
Is 2152699/7 + (-432)/(-756) a composite number?
False
Let j(g) = 4*g**3 - 36*g**2 - 223*g - 113. Is j(32) a composite number?
False
Let j = 162470 + -112457. Suppose -j = -10*g + g. Is g prime?
True
Let q be 1774 + (1 - 1 - (25 + -22)). Suppose 2*d = 3*m - q, -8*m = -7*m + 4*d - 595. Is m prime?
False
Suppose 13 = 3*a - 4*j, 2*a - 10*j - 20 = -13*j. Is -1*(0 + -31)*(a - -244) composite?
True
Suppose -15 = -2*b + 3. Suppose j = -b*j + 1090. Is j prime?
True
Suppose -x + 4*m - 3 = -m, -3 = -3*m. Let s be 4/(-12) - x/(-6). Suppose j - 815 - 194 = s. Is j a prime number?
True
Let f(d) = 7574*d**2 - 8*d - 9. Let j be 3/((-1)/(0 + 3/9)). Is f(j) a prime number?
True
Is (-4575908)/10*((-688)/(-32) - 24) composite?
False
Suppose -5*p - 6 + 21 = 0. Let s = 718 + -230. Suppose 2*l - 3*l + p*t = -s, 1414 = 3*l + t. Is l a composite number?
True
Let x(j) = 699*j**3 + 6*j**2 - 166*j + 603. Is x(4) a composite number?
False
Is ((-18)/18)/(8/(-950648)) a prime number?
True
Suppose 0 = 2*g + 3*g - 2*y - 27, 0 = -3*g - 5*y + 10. Let c(a) = 256*a**3 - 24*a**2 + 14*a - 1. Is c(g) prime?
True
Let y = 947539 + -633248. Is y a prime number?
False
Let i(z) = -64*z + 93*z - 35 - 62*z. Is i(-6) a prime number?
True
Suppose -302134 = -13*a + 316185. Is a a composite number?
False
Let j(u) be the third derivative of -55*u**4/4 + 25*u**3/6 - 11*u**2. Let x be j(-4). Suppose -2259 - x = -4*a. Is a prime?
False
Suppose 66*s - 11095299 = 26*s - 41*s. Is s a composite number?
False
Let o(j) = 8*j**3 + 14*j**2 + 21*j + 71. Is o(14) composite?
True
Let x = 109 + -157. Let z = -47 - x. Is (z/(-1))/(-3 - 1562/(-521)) a composite number?
False
Let h(p) = 4294*p**2 + 83*p - 152. Is h(-11) prime?
True
Let t = -27254 + 52645. Is t a composite number?
False
Is (-22)/10 + (-84056)/(-280) a prime number?
False
Is 3019350/270 + (-1 + (-38)/(-9) - 3) a prime number?
False
Suppose 15*h + 61668 = 12*h. Let n = -12333 - h. Is n prime?
False
Let h = 324418 + -228971. Is h prime?
False
Suppose 3*n = 5*h - 5184, 3*n + 4*h + 5175 = -36. Let m = 7480 + n. Is m a prime number?
False
Let d(m) = m**3 - 72*m**2 - 508*m - 296. Is d(125) a prime number?
False
Suppose -5*p + 4 = -16. Suppose -p*z = z + 3*j - 5758, -z + 1134 = 5*j. Is z prime?
False
Let p(m) = -m**3 + 11*m**2 - 9*m + 11. Let v be p(10). Suppose -w - v = -4*n, -2*n - w + 2 = -7. Suppose 1508 = n*f - f. Is f composite?
True
Let v(l) = -97*l**3 - 9*l**2 - 5*l + 41. Is v(-6) prime?
False
Let q be (0 + (-258)/(-10))/(31/155). Let h = 143 - q. Suppose -11726 = -h*b + 300. Is b a composite number?
False
Suppose -3*g = -3*s + 21, 0*s - 5*s + 20 = -2*g. Suppose o + 0*o - s*m - 6 = 0, 2*m = 4*o - 12. Is (o/4)/(6/804 + 0) a composite number?
False
Suppose -8 = -2*q - 4, 3*b - 4*q - 28 = 0. Suppose -2*a + b*a - 30 = 0. Is 178/a*15/10 composite?
False
Let t = 2144 - -69047. Is t a composite number?
False
Let b(y) = 25*y**2 + 38*y + 4649. Is b(-46) a composite number?
True
Let i be 3*(43372/18 + 16/(-72)). Suppose 28*t = 84200 - i. Is t a prime number?
True
Is 4139860/(-10)*((-88)/16 + 5) prime?
True
Suppose f - 50 = 36. Suppose 215 + f = 7*t. Is t a prime number?
True
Suppose 5*x = t - 12, 7*x = 6*x - 5*t + 8. Is (x + 3)/((-14)/(-112028)) composite?
True
Suppose -24922 = -2*m - 4*a, m - 2*a - 11697 - 740 = 0. Is m a composite number?
True
Let u be ((-770)/21)/(-5)*-12. Is (-11)/(u/41024) - (2 + -1) composite?
True
Suppose r = -k + 1004, -r - k + 2*k + 994 = 0. Let q = r + 1838. Is q a composite number?
False
Suppose -2*o + 5*o - 66 = 3*q, 5*o - 131 = -2*q. Suppose -5*z - o = 0, -2*v + 2*z = 2*v - 13446. Is v a prime number?
True
Let s(m) = -2*m**3 - 44*m**2 - 9*m + 567. Is s(-44) a composite number?
True
Let o = 60 + -46. Suppose 0 = 6*v - o + 2. Is (4/v)/((-10)/(-955)) a composite number?
False
Suppose 64*z - 501077 = 58*z - x, 0 = -5*z + 5*x + 417570. Is z a composite number?
True
Is 539634*(4/(-30))/((-40)/150) a prime number?
False
Let n = -2995 + 5150. Suppose 156*v = 163*v - 35. Suppose 3*z = 4*d - n, -z = -d - v*z + 515. Is d composite?
True
Suppose 81*q - 86*q = -5*j + 122361 - 16156, 5*q = 0. Is j a prime number?
False
Let d(t) = -16*t + 338*t**2 - 3*t + 1 + 8*t - 3. Is d(3) a prime number?
False
Let x(w) = 12*w - 29. Let t be x(2). Is t/((-10)/4536) - -3 a composite number?
True
Suppose -92*q = -94*q + 16. Let x = q - 3. Let w(o) = 55*o - 6. Is w(x) prime?
True
Let c(l) = -2*l**2 - 87*l**3 - 74*l**3 + 146*l**3 - 1 + 2. Let g = -2 + 0. Is c(g) a composite number?
False
Let n = 706638 + -382081. Is n a composite number?
False
Let w be (58/10)/1 + (-5)/(-25). Let d be (7/2 + -2)/(w/(-56)). Is 2/4 + (-10563)/d composite?
True
Let w be 17 - 6 - (1 - 4). Suppose 0 = -5*u - w*u + 21869. Is u a prime number?
True
Let p(i) = 218*i**2 + 3*i + 3. Let t(x) = 437*x**2 + 5*x + 7. Let v(q) = 9*p(q) - 4*t(q). Let j be v(4). Is 4/6 - j/(-3) prime?
True
Suppose -2*d = -4*p - 113774, 227520 = 12493*d - 12489*d - 4*p. Is d composite?
False
Let y = 8 - -15. Suppose 15*l + y*l = 72314. Is l prime?
False
Let y(u) = 11*u**3 - u. Let s be y(-2). Let z = s - -92. Suppose 5779 + 1043 = z*x. Is x composite?
True
Let z = 16903 + 83728. Is z composite?
True
Suppose 2*b + 1931 = -4*c + 4711, 0 = 3*c + b - 2084. Suppose -15299 = 3*q + c. Let y = -2570 - q. Is y prime?
False
Let a(l) be the third derivative of -543*l**4/4 - l**3/3 - 11*l**2. Let n be a(-1). Let w = n - 1565. Is w prime?
False
Suppose -5*h - 2*o + 19 = 0, -2*h + 4 = -0*h - o. Suppose h*m + m = -12, g - 15224 = 5*m. Suppose n = 2*s + 3809, 5*n - 9*n - s = -g. Is n a composite number?
False
Let v = 52 + -12. Let d = 40 - v. Suppose -y - y + 3302 = d. Is y a prime number?
False
Let v(u) = 8202*u**2 - 9*u + 49. Is v(4) prime?
False
Suppose -5*o - 5*h + 1967500 = 0, -2178*h - 786951 = -2*o - 2173*h. Is o a prime number?
False
Suppose -10*p - 163240 = -1820. Let n = -7479 - p. Is n a prime number?
True
Suppose -3*j = -5*f + 191479, 2*f - 2*j - 26237 - 50353 = 0. Is f composite?
True
Let q = 95 + -92. Suppose -7*s = -8*s - q, -4*g = 2*s + 622. Let a = g - -512. Is a a prime number?